s divided by 14.
12
Let m(j) = 11*j - 7. What is the remainder when m(6) is divided by 12?
11
Suppose 4*s + 2*u - u - 11 = 0, 0 = 5*s + 5*u + 5. Suppose 0*p + 3 = p. What is the remainder when s is divided by p?
1
Suppose 3 = 2*v - 1. Let o be v/5 + (-746)/(-10). Suppose 6*g - g = o. Calculate the remainder when 43 is divided by g.
13
Let u(m) = -m - 5*m**2 + 2 + 10*m**2 + 9*m - m**3. Calculate the remainder when 41 is divided by u(6).
13
Suppose 5*p = -3*d - 9 + 71, -3*p + 54 = 3*d. What is the remainder when -1 - (2 - 1)*-41 is divided by d?
12
Suppose 7*k - 169 = 132. What is the remainder when 80 is divided by k?
37
Let r = 18 + -3. Let b = -10 + 16. What is the remainder when r is divided by b?
3
Let y be (-2)/((-2)/1) + 3. What is the remainder when (-486)/(-45) + y/(-5) is divided by 6?
4
Let j be 2 + -3 - (-11 - 0). Suppose -j = -5*m + 10, 5*m = -2*h + 32. Calculate the remainder when 11 is divided by h.
5
Let x = -34 - -75. What is the remainder when x is divided by 6?
5
Let s(a) = -4*a - 1. Let g be s(-1). Suppose -5*q + 2*k + 9 = -5, g*q + 2*k - 18 = 0. Calculate the remainder when 7 is divided by q.
3
Let c(j) = -j**2 + 2*j + 3. Let a be c(3). What is the remainder when a - 69/(1/(-1)) is divided by 18?
15
Let d = 108 - 92. Calculate the remainder when 62 is divided by d.
14
Let h(y) = -3*y + 28. Let x(v) = v**2 - 3*v + 1. What is the remainder when x(6) is divided by h(7)?
5
Let p(f) = -f**3 - 2*f**2 + f + 15. Calculate the remainder when p(0) is divided by 4.
3
Suppose 2*u + 155 = 5*v, -3*v - 4*u + 54 + 13 = 0. What is the remainder when 63 is divided by v?
5
Suppose b + b + s = 68, -2*b = 2*s - 70. Let t = -13 + b. What is the remainder when 38 is divided by t?
18
Suppose 0 = 4*q - 26 - 78. Calculate the remainder when q is divided by 16.
10
Suppose -2*n = -47 - 75. Suppose 2*a - 109 = -77. Calculate the remainder when n is divided by a.
13
Suppose -3*b - 16 = b, 4*x - 4 = -3*b. Let t = x - -2. Calculate the remainder when 9 is divided by t.
3
Let p(k) = -k**2 + 7*k + 4. Let v(f) = -3*f**3 + f**2 + 2*f + 3. Calculate the remainder when v(-2) is divided by p(6).
7
Suppose 2*y = -0*y + 74. Let r = -12 - 15. Let w = -14 - r. What is the remainder when y is divided by w?
11
Suppose -4*a - 4*j - 13 = j, -40 = -5*a + 5*j. Suppose 0 = -a*c + 9 - 3. What is the remainder when (2/(-3))/(5/(-15)) is divided by c?
0
Let o(n) = -n**2 + 2*n - 1. Let l be o(2). What is the remainder when 13 is divided by ((-12)/9)/(l/3)?
1
Let s = 70 - 17. What is the remainder when 262 is divided by s?
50
Let x(g) = g**3 + 8*g**2 - 11*g - 8. Suppose -5*b = -7*b + o - 19, 4*o = 5*b + 49. Calculate the remainder when (-14)/((-1)/4*2) is divided by x(b).
8
Let m(r) = -r**3 - 21*r**2 + r + 43. Suppose -2*u + p + 155 = -22, -u + 3*p = -101. Calculate the remainder when u is divided by m(-21).
20
Let l = -7 + 16. Calculate the remainder when 4/2 + l + 9 is divided by 7.
6
Suppose r = 4 - 0. What is the remainder when 1884/28 - r/14 is divided by 23?
21
Suppose -38 = -11*y + 9*y. Calculate the remainder when y is divided by 11.
8
Suppose 40 = 7*q - 2*q. Let y(j) = 5*j. Let v = 0 - -1. What is the remainder when q is divided by y(v)?
3
Suppose 106 = 10*p - 104. Let b = 30 + -20. Suppose 4*g - 160 - b = -2*k, -115 = -3*g + k. Calculate the remainder when g is divided by p.
19
Let x(s) = -3*s - 37. Calculate the remainder when 17 is divided by x(-14).
2
Let w(j) = 1 - 6 - 12*j**2 - 3*j + 4. Let s be w(-2). What is the remainder when s/(9/(-3) - -2) is divided by 11?
10
Let t = -21 + 20. Calculate the remainder when 7 is divided by (0 - -2)*t - -6.
3
Let m(k) = -k**2 + 19*k - 24. Calculate the remainder when 95 is divided by m(16).
23
Suppose -10 = 4*a - 54. Calculate the remainder when 19 is divided by a.
8
Let q(j) = j**2 - 3*j. Let m be q(3). Suppose 0 = -5*z - u - 2*u + 65, -4*z - 2*u + 52 = m. What is the remainder when z is divided by (-1)/(-4)*-14*-2?
6
Let t = 5 + -1. Let j(q) = -4*q**2 + t*q - 5*q - 7*q + 3*q**2. What is the remainder when 12 is divided by j(-7)?
5
Suppose 2*z - 45 = 5*d, -z - 4*d = -43 + 1. What is the remainder when 85 is divided by z?
25
Let k(f) = -3*f - 12. Calculate the remainder when 11 is divided by k(-6).
5
Suppose 3*x + 15 = 57. Suppose -4*i + 2 = -x. Calculate the remainder when 9 is divided by i.
1
Let f(g) = g + 10*g**2 - 5*g + 3*g. What is the remainder when f(-2) is divided by 22?
20
Let b be 11*2*(-1)/(-2). Suppose 0*l + b = s - 4*l, 4*l = 8. Calculate the remainder when 55 is divided by s.
17
Let z(o) = -o**2 + o + 7. Let a be z(0). Suppose -2*p = -a*p + 140. What is the remainder when p is divided by 10?
8
Let c = -4 + 25. Let q be (-1 - 4)*(-32)/20. Suppose 6*d = 5*d + q. What is the remainder when c is divided by d?
5
Suppose 5*i - 3*a = -0*a + 90, 0 = i + 5*a + 10. What is the remainder when 29 is divided by i?
14
Let t = 39 - 14. What is the remainder when t is divided by ((-45)/25)/(1/(-5))?
7
Suppose 0 = o - 5*o + 48. Suppose -3 = -6*g + 3*g, -v = -2*g - 31. Calculate the remainder when v is divided by o.
9
Let t(v) = 5*v - 68. What is the remainder when 122 is divided by t(20)?
26
Let u = 58 + -5. What is the remainder when u is divided by 14?
11
Let i = -28 + 39. Suppose 3*g - 3*l - 9 = 0, -l - 2 - 5 = -2*g. Suppose -i = -g*a + 45. Calculate the remainder when 40 is divided by a.
12
Let i = 6 + -13. Let g = i - -12. Calculate the remainder when 13 is divided by g.
3
Suppose 5*w = 5*u + 155, 5*u + 2 = 22. Calculate the remainder when w is divided by 19.
16
Let p be (-2)/4 + (-21)/(-6). Suppose 4*b = p*b + 4. Suppose 18 = b*j - 34. What is the remainder when j is divided by 5?
3
Let x(b) = b**2 - 4*b - 4. Suppose 1 = 6*c - 11. What is the remainder when c is divided by x(5)?
0
Suppose 4*m + 6 = 2*m, -4*w - 2*m = -198. Calculate the remainder when w is divided by 15.
6
Suppose 4*j = -5*f - 21 - 20, -3*j - 4*f = 32. Let n be (0 - 0)/(4/j). Suppose 5*h = -n*s - 2*s + 10, 3*s = 0. Calculate the remainder when 2 is divided by h.
0
Suppose 66 = 11*z - 0. Let d = 1 - -1. Calculate the remainder when z is divided by d.
0
Let f = -27 - -85. Suppose 2*l + 5*r - 49 = 0, 6*l - 4*r - 40 = l. Calculate the remainder when f is divided by l.
10
Suppose 0 = -y + 4*z + z - 4, 2*z - 40 = -2*y. Calculate the remainder when 59 is divided by y.
11
Let l = 44 + -7. Let x = -25 - -38. What is the remainder when l is divided by x?
11
Suppose -224 = -4*z - 2*v, -232 = -4*z + 3*v - v. Calculate the remainder when z is divided by 15.
12
Suppose t - 8*t = -105. Calculate the remainder when 29 is divided by t.
14
Suppose -3*g = 9, -3*g - 61 = -0*j - 4*j. Calculate the remainder when 51 is divided by j.
12
Suppose -3*z + 3 = -24. Suppose -17 = -3*f - 11. Calculate the remainder when z is divided by f.
1
Let a = 5 - -2. Let p = 16 - 21. What is the remainder when a is divided by (p - -3 - 0)*-2?
3
Let k = 5 - 4. Let u be k/(3/15) + -1. Suppose 3*c - 74 = -5*n - 9, -u*c = -20. Calculate the remainder when 19 is divided by n.
9
Let w = -38 - -24. Let x = -23 - w. What is the remainder when 52 is divided by 53/3 + (-3)/x?
16
Let i = 28 + 32. What is the remainder when i is divided by 21?
18
Suppose -y + b = -3*b + 12, 4*b = -5*y - 12. Let k = 21 + y. Calculate the remainder when 49 is divided by k.
15
Let k(p) = -3*p**3 - 3*p**2 + 4*p - 1. What is the remainder when k(-3) is divided by 14?
13
Let b = -2 - -5. Let s be 43 + (1 + b)/(-2). Suppose 3*t - 25 = -2*l, 0*l = -4*t + 5*l + s. What is the remainder when 17 is divided by t?
8
Suppose -5*r + 51 = 2*o, 0*o - 3*o - 3*r = -63. Calculate the remainder when o is divided by 7.
4
Suppose -95 = -2*i - 3*w, -2*i - 5*w - 7 = -108. Suppose 0 = -0*g + 2*g + 16. Let s(q) = -3*q - 9. What is the remainder when i is divided by s(g)?
13
Suppose -4*l + 0*l = -132. Calculate the remainder when l is divided by ((-3)/4)/(2/(-24)).
6
Let o = -33 - -55. Suppose 3*m - l - 3*l = 47, -l = 3*m - o. Suppose 25 - m = 4*x. What is the remainder when 6 is divided by x?
2
Let x(s) = s**2 + s + 2. Let p be x(0). Let n(i) = -i**2 + 18*i - 2. Calculate the remainder when n(15) is divided by (5 - 11)*(-5)/p.
13
Suppose -3*i = -q + 3, -i + 4*i = 2*q - 6. Calculate the remainder when 15 is divided by q.
0
Let n(d) = 62*d. Let a be 